et t(n) = 3*n**2 + n + 2. Let i be t(-2). Let m be (2 + (-20)/(-12))*90. Let p = 438 - m. Calculate the greatest common divisor of p and i.
12
Let h be (61460/55)/14 - 4/(-22). Let s be 38/(-1)*(-40)/h. Calculate the highest common factor of s and 836.
19
Let u(n) = n**2 + 8*n - 46. Let s be u(4). Suppose s*f + 14*q - 106 = 17*q, 4*f = -4*q + 192. Calculate the greatest common factor of f and 110.
10
Let w = 30357 - 30075. Calculate the highest common factor of w and 7473.
141
Let f = 28997 + -19380. Calculate the greatest common factor of 59 and f.
59
Let l(k) be the third derivative of 19*k**5/60 - 5*k**3/3 + 2*k**2 + 59. Let h be l(2). What is the highest common divisor of 22 and h?
22
Let j = -34 + 2. Let g be 0 + -1 + 32 + j/8. What is the greatest common divisor of g and 351?
27
Let f = -97 - -192. Let m(q) = 3*q**2 - 10*q - 12. Let y be m(4). Let w(d) = -28*d - 93. Let z be w(y). Calculate the highest common factor of f and z.
19
Suppose -3*p - v = 80, 3*v + 15 = -p + 5*v. Let s = -20 - p. Let k be 6/30 - (-54)/s. Calculate the greatest common divisor of k and 11.
11
Let o(j) = 4100*j + 6. Let m be o(1). Suppose -m = -27*z - 218. Calculate the greatest common factor of z and 63.
9
Let w(r) = 10*r - 163. Let p(u) = -9*u + 164. Let v(o) = -2*p(o) - 3*w(o). Let h be v(11). What is the greatest common divisor of 261 and h?
29
Let a = 57 + -9. Suppose -2*k = -5*d - 151, -6*k + 5*d - 239 = -9*k. Suppose -k*r = -80*r + 32. Calculate the greatest common factor of a and r.
16
Let y(u) = u**2 + u - 5. Let s be y(0). Let j be 4/s*(-3145)/74. Calculate the greatest common divisor of 119 and j.
17
Suppose -2*o = 1308 - 712. Let l = 302 + o. Suppose -5*x + x + 88 = 0. What is the greatest common factor of x and l?
2
Let d be -2*(17/(-2) + -6). Suppose 11*y = d*y - 1512. Let w(c) = -c + 18. Let t be w(6). Calculate the greatest common factor of y and t.
12
Let d(w) = -w**3 - 11*w**2 - 2*w + 6. Let l = 90 + -101. Let m be d(l). What is the highest common factor of m and 42?
14
Let f be 8/((-120)/(-1785)) - -2. Calculate the greatest common divisor of 3267 and f.
121
Let x = -738 - -475. Let s = -217 - x. Calculate the greatest common divisor of s and 184.
46
Let k = -25 + 49. Let m be -11 + 6 + (-9)/3. Let p be (-3 + 19)*(-36)/m. What is the greatest common factor of k and p?
24
Let h(m) = -3*m + 20. Let y be h(8). Let t be -4 - y - 2/2. Let r(q) = -15*q + 5. Let f be r(t). What is the greatest common divisor of f and 8?
4
Let x be 162/(-4)*(0 - 2). Let z be (4/(-5))/(3/15) + 229 + -216. Calculate the highest common divisor of x and z.
9
Let v(f) = 86*f - 157*f - 121 - 135. Let o be v(-5). What is the highest common divisor of 36 and o?
9
Let j be 300/(11 - 9)*2. What is the greatest common factor of 24 and j?
12
Let y = -30 - -31. Suppose -2 = 2*p + 2*q, -2*p + 10 = 2*p - 3*q. Calculate the highest common factor of p and y.
1
Let t(q) = 30 + 4*q - 20 - 4*q + 2*q. Suppose 3*f + 2 = -2*z - 2, 3*z - 28 = 4*f. Let v be t(z). What is the highest common divisor of 36 and v?
18
Let y be -6 + 1 + -5 + -10 + 5. Let k be 6/y + (-82)/(-5). What is the highest common divisor of 592 and k?
16
Let t = 60 + -34. Suppose -3*a = -4*f - 28, -3*a = -0*a - 2*f - t. Let l be 6*4/168 - (-27)/7. Calculate the highest common divisor of a and l.
4
Suppose l - v + 6 - 17 = 0, 4*l - 5*v - 46 = 0. Let a be l/15 - 2488/(-20). Let j be 3/(-4) - ((-4466)/8)/11. What is the highest common factor of a and j?
25
Suppose -5*m + 28 = v - 3, 4*v + m = 86. Suppose -20*g - 232 = -v*g - 4*l, -856 = -4*g + 2*l. Calculate the greatest common factor of g and 24.
24
Let i(m) be the third derivative of m**5/60 - m**4/24 + 25*m**3/6 - 41*m**2. Let v be i(6). What is the greatest common divisor of v and 22?
11
Let b be (-1)/5 - 231/(-105). Suppose 2*u = 0, 2*j = 3*j - b*u - 7. Calculate the greatest common factor of j and 21.
7
Suppose -7*o + 636 = 3*a, -2682*a + 2684*a = 5*o - 475. Calculate the greatest common divisor of o and 219.
3
Let g(b) = 2*b**3 - 53*b**2 + 29*b - 46. Let u be g(26). Suppose -2*y - 4*a + 199 = -1009, -5*y + 3042 = -a. What is the greatest common divisor of y and u?
32
Let z = 2315149 + -2315144. Let c(o) = 21*o - 5. Let t be c(5). Let u = t + -60. Calculate the greatest common factor of u and z.
5
Let x(m) = -m**2 - 20*m - 93. Let z be x(-11). Let b be (65 + -7)*3/z. What is the highest common divisor of b and 725?
29
Let m = -22 + 3. Let w be m*11/((-33)/12). Calculate the highest common factor of w and 19.
19
Suppose -105*m = -77*m - 1640 - 1496. Calculate the greatest common factor of m and 736.
16
Let f = 329 + -296. Suppose -5*q + 5*d + 40 + 85 = 0, 0 = q - 3*d - f. Calculate the highest common divisor of 77 and q.
7
Suppose 0 = -70*r + 90*r - 6720. What is the greatest common factor of r and 462?
42
Let x(y) = 5*y**2 + 3*y - 3. Let m be x(-3). Suppose 6*k - 1980 = -6*k. Calculate the greatest common divisor of k and m.
33
Let t be 248/(-6) - 6/9. Let w = -5171 - -5102. Let z = t - w. Calculate the greatest common divisor of z and 18.
9
Suppose -108*h + 45*h = 117*h - 1631700. Calculate the greatest common divisor of 185 and h.
185
Suppose -2*d = 5 - 13. Suppose -4*h - 56 - 24 = 0. Let r = -4 - h. Calculate the highest common factor of d and r.
4
Suppose -389 - 102 = -76*t + 117. What is the highest common divisor of t and 8720?
8
Let q be 871/(-9) + 2/(-9). Suppose 3*c + 9 = 0, 72*i - 70*i + 5*c + 299 = 0. Let u = q - i. What is the greatest common divisor of 36 and u?
9
Suppose 657*n + 50 = 662*n + 5*f, n - 2*f = 7. What is the highest common divisor of n and 20?
1
Let p be 154/112*8 + 30. What is the greatest common factor of p and 6191?
41
Suppose -q + 72 = -2*c, -190*c = 4*q - 184*c - 386. Calculate the highest common divisor of q and 13502.
86
Suppose 20*u + 136*u - 83*u = 81030. What is the highest common factor of u and 40?
10
Let l be 1*(31 - (15 + -14)). Let y = -856 + 1246. What is the highest common factor of l and y?
30
Suppose y = 2*o + 24368, -54*o - 121910 = -5*y - 58*o. What is the greatest common factor of y and 102?
102
Let a = 24533 - 24323. Let o be ((-12)/(-7))/(4/98). Calculate the greatest common divisor of a and o.
42
Let a(z) = z**2 + 118*z + 238. Let u be a(-116). Suppose -3*q + 3 + 231 = 0. What is the greatest common factor of u and q?
6
Suppose l + 40 = -4*x - x, 15 = -2*l + 3*x. Let i be (6 - 8710/l) + 16/12. What is the greatest common factor of i and 42?
42
Let k be (-91)/65 - -1 - 24/(-10). Suppose m + g = 5*g + 14, 0 = k*m + 2*g - 48. Calculate the highest common factor of 374 and m.
22
Let q = 39506 + -31549. Calculate the highest common divisor of q and 365.
73
Suppose g - 6*g + 40 = 0. Let l be (-2040)/(-5100) - (-876)/10. What is the highest common divisor of g and l?
8
Let p = 25136 - 22718. What is the greatest common factor of 143 and p?
13
Let u be (48/(-3))/(36/378*(-21)/9). Calculate the greatest common divisor of 228 and u.
12
Let f(b) = -b - 4. Let l be f(-20). Let w = 57 - 17. What is the greatest common factor of w and l?
8
Let c(v) = -27*v**3 - 2*v**2 - 3*v - 1. Let t(d) = d**3 + d**2 + d. Let a(m) = -c(m) - 3*t(m). Let x be a(1). Calculate the greatest common factor of x and 120.
24
Suppose 60*d = 141 + 4059. What is the highest common factor of d and 1890?
70
Suppose -13*d = 16*d - 87305 + 31277. What is the greatest common divisor of d and 56?
28
Let p be (8*1/(-8))/(((-4)/(-100))/(-1)). Suppose 3*u + 2*u - 10 = 0. What is the greatest common factor of u and p?
1
Let u = 7 - -3. Let w be (-28 + u/(-5))/(3/(-4)). What is the highest common divisor of 40 and w?
40
Let z(n) = -5*n**2 + 169*n + 41. Let p be z(34). Let a be -1*(-2)/2 + -1. Let r be -1 - ((2 - 136) + a). What is the highest common divisor of p and r?
7
Let x = -46 + 76. Suppose x - 5 = 5*c. Suppose -3*z + 147 = -3*m, -2*z + 32 = -m - 62. Calculate the greatest common divisor of z and c.
5
Suppose 2764 = -6*a + 940. Let r = a - -579. Calculate the greatest common divisor of r and 66.
11
Let c = -5062 - -5387. Calculate the greatest common factor of 845 and c.
65
Let u(z) be the second derivative of -7*z**5/2 + z**4/6 - z**2 - 56*z - 1. Let v be u(-1). What is the highest common divisor of v and 98?
14
Suppose -6*r = -3443 - 2383. Suppose -o - 4*s + 32